est common factor of m and 14?
14
Suppose 2*m = -2*w + 12, 2*m - m + 16 = w. Suppose -13*v + 308 = -9*v. Calculate the highest common factor of w and v.
11
Let p = 80 - 46. Let f = p + -21. Calculate the highest common factor of f and 65.
13
Let b(o) = 3*o**2 - 17*o + 7. Let k be b(14). What is the highest common factor of k and 17?
17
Let o be 20/(-2)*(-3)/2. Let p(n) = 4*n**2 - n - 8. Suppose 0 = -g + 2 - 6. Let k be p(g). What is the greatest common factor of o and k?
15
Suppose 8 = c + 3*c, -5*k = 3*c - 81. What is the highest common factor of 10 and k?
5
Let p be (-28)/(-1) - (-2)/(-1). Let o be -1 - (-252)/4 - -3. What is the highest common divisor of p and o?
13
Let o = -5 - -10. Suppose -6*t + t + 30 = j, -2*t - 204 = -o*j. Calculate the highest common factor of j and 100.
20
Let j = 44 - -86. What is the highest common factor of 26 and j?
26
Suppose 0 = -2*h - 4*o + 14, o + 3*o = 5*h - 77. Calculate the highest common divisor of h and 13.
13
Let l(r) = -r**3 + 3*r**2 + 5*r. Let b be l(4). Suppose -1 = -2*d - b*g - 11, -d - g = 0. What is the greatest common factor of 40 and d?
5
Let r(v) = v**3 - 2*v**2 + 3*v + 4. Let o be 3*(0 + 1)/1. Let u be r(o). What is the greatest common factor of 11 and u?
11
Let n(i) be the third derivative of -2*i**4/3 - i**3/2 - 4*i**2. Let l be n(-3). Calculate the highest common divisor of l and 5.
5
Suppose -3*a = -3*i + 213, 2*i + 5*a = i + 59. Calculate the highest common divisor of 23 and i.
23
Let u be 1 + 0 + (-4)/(-2). Let b(c) = -2*c - 2*c + 11 + u*c. Let h be b(-13). Calculate the highest common divisor of h and 6.
6
Suppose -2*h + 4*o = o - 30, -5*h - 3*o + 117 = 0. What is the greatest common divisor of 231 and h?
21
Let w(j) = 103*j**2 + 2*j - 1. Let o be 22/18 - 2/9. Let a be w(o). Calculate the greatest common divisor of a and 26.
26
Let s(y) = -y**3 + 9*y**2 + 12*y + 8. Let w be s(10). What is the highest common factor of 70 and w?
14
Let l(j) = -j**3 + 3*j**2 + 6*j - 5. Let f = -7 + 14. Let o = f + -3. Let z be l(o). What is the highest common factor of z and 6?
3
Let j = 4 - -17. Calculate the greatest common factor of 7 and j.
7
Let h = -14 - -13. Let m be 1*(3 + (-197)/h). What is the highest common factor of 25 and m?
25
Let t(x) = 2*x**2 - 3*x + 11. Let n be t(-5). Suppose -4*w - v = w - n, w = 3*v + 12. Calculate the highest common factor of 5 and w.
5
Let z = 64 - 37. What is the greatest common factor of z and 18?
9
Let a = -89 + 150. What is the highest common factor of a and 244?
61
Suppose 2*x + 4*x - 48 = 0. What is the highest common divisor of x and 64?
8
Let m(s) = 7*s - 3. Let b be m(13). What is the highest common divisor of b and 22?
22
Suppose 4*g + 1 - 9 = 0. Calculate the greatest common divisor of g and 3.
1
Suppose -2*s - 5*p - 14 = 0, s + 4*s = -3*p + 3. Calculate the highest common divisor of s and 21.
3
Suppose -6*c = -4*c - 52. What is the highest common factor of 104 and c?
26
Let s(t) = t + 36. Let m be s(-26). What is the highest common divisor of 90 and m?
10
Suppose 0*l = -l + 11. Let y = 20 - l. Calculate the greatest common factor of y and 27.
9
Suppose 4*w - 3*c + 4*c - 46 = 0, -14 = -w + c. Calculate the greatest common divisor of w and 36.
12
Let u(f) = -f**3 - 6*f**2 - f + 12. Let s be u(-9). What is the highest common divisor of 24 and s?
24
Let f(s) = -2*s**2 + 2 - s + s**3 + 4 - 4. Let y be f(3). Let t = 11 - y. Calculate the greatest common divisor of 15 and t.
3
Suppose -2*v + 124 = 2*h, -3*h - 334 = -5*v - 0*h. What is the greatest common divisor of 26 and v?
13
Let d(s) = s**3 - 7*s**2 + 12*s - 15. Let c be d(6). What is the highest common factor of 21 and c?
21
Suppose -8*h + 5*h = -270. Calculate the greatest common factor of h and 10.
10
Let r be (-2)/(-4)*(4/1 - -40). Suppose 4*y = 2*q + 138, -5*y + 2*q + 174 = -q. What is the highest common divisor of y and r?
11
Let u = -107 + 144. Calculate the highest common factor of u and 296.
37
Let h be 1/(-2) - 18/(-4). Let y = 7 - h. Let t = y + 0. Calculate the greatest common divisor of t and 21.
3
Let n be 4*(-12)/(-64)*408. Calculate the greatest common divisor of 34 and n.
34
Let l be (-8)/(-28) + (-1560)/21. Let z = l - -130. What is the greatest common divisor of z and 8?
8
Suppose 0 = -z - 20. Let a be (3/(-3) - z)*1. Suppose -3*b + 57 = b + 5*r, 3*b - r - a = 0. Calculate the greatest common divisor of b and 72.
8
Suppose -16 + 0 = -4*w. Calculate the greatest common divisor of 6 and w.
2
Let h be (-923)/(-5) - (6/5)/(-3). Calculate the highest common divisor of 5 and h.
5
Suppose 5*i - 13 - 37 = 0. What is the highest common factor of 10 and i?
10
Suppose -5*z + 3*l = -50, z = 5*z + 2*l - 40. Calculate the greatest common factor of 110 and z.
10
Let x be 42/(-4)*(-4)/3. Let j be (-1)/1 + 3/3. Suppose j*u + 616 = 4*u. Calculate the highest common factor of u and x.
14
Suppose 5*o - 3*o - 8 = 0. Suppose q + 0*q - o = 0. Calculate the greatest common divisor of 36 and q.
4
Suppose -6*m = -4*m + 20. Let w = m + 25. What is the highest common divisor of 6 and w?
3
Let t(d) = -d + 20. Let s be t(14). Calculate the greatest common factor of 12 and s.
6
Let a = -5 - -5. Suppose a = -8*v + 4*v + 540. Calculate the greatest common divisor of 15 and v.
15
Suppose -w - 2*b = -8, -3*w + w = -3*b - 2. Suppose -4*g = 3*x - 12 - 4, -w = 2*g. What is the greatest common factor of x and 64?
8
Let h(l) = -3*l - 1. Let k be h(-2). Let u(a) = -a**3 - 7*a**2 - 4*a - 8. Suppose 0*d - 14 = 2*d. Let g be u(d). What is the highest common factor of k and g?
5
Let t be 1/(-4) + (-258)/(-8). Suppose 3*n - 2*b = 11, -4*n + 2*b + 0 + 12 = 0. Let z be 3/n + 3/3. What is the highest common factor of t and z?
4
Let p be (-2)/1*1/2. Let r be 0 - (0 - -5)*p. Suppose -k + v + 104 = 4*k, -3*k + 40 = r*v. What is the greatest common divisor of k and 4?
4
Let i = 34 - 18. Let m = 31 + -15. Calculate the greatest common factor of i and m.
16
Let l be 66/4*(-14)/(-3). Calculate the highest common factor of l and 11.
11
Let z be ((-4)/3)/((-15)/270). Let b(i) = i**2 - i + 216. Let c be b(0). What is the highest common divisor of z and c?
24
Let z = 41 - -55. Suppose 2*j - 23 = 1. What is the highest common divisor of z and j?
12
Let s = 2 - -2. Suppose 2*d = -s*z - 2, -z - 2*d - 3*d = 5. Suppose 2*x + z*x - 2 = 0. Calculate the greatest common divisor of 8 and x.
1
Let s = 6 - 3. Let f = s - -12. Calculate the greatest common factor of f and 45.
15
Let p(m) = -m + 10. Let a be p(7). Let j = 69 + -48. Calculate the highest common divisor of a and j.
3
Let s be 0 + (-1)/(1/2). Let q be 163/3 - s/(-6). Suppose 4*y - 26 = 46. What is the greatest common divisor of y and q?
18
Let u be (7 - 8) + (1 - -15). Let z be (-11)/(-2) + u/10. Calculate the greatest common divisor of 77 and z.
7
Let d(n) = n + 6. Let z be d(-6). Suppose -r + 3*r = z. Suppose 3*c - 40 = -8*q + 3*q, -c = r. Calculate the highest common factor of q and 1.
1
Let r(j) = -j**3 - 8*j**2 - 6*j + 21. Let g be r(-7). Calculate the highest common divisor of 2 and g.
2
Let l be (-10)/(-6) + 2/6. Suppose 5*k = -6*x + 5*x + 27, 0 = -l*k + 2. Suppose -3*n + x + 32 = 0. What is the greatest common factor of 6 and n?
6
Let w(l) = -l**3 + 6*l**2 + 19*l - 8. Let k be w(8). Suppose -4*d = -0*d - 64. What is the greatest common divisor of k and d?
16
Suppose 5*v = 4*u - 7*u + 60, 21 = 4*v - 3*u. Suppose 2*s = 3*z - 5, -3*s - 3 = -v. Suppose -z*y + 80 = -y. What is the greatest common divisor of y and 8?
8
Suppose 4*t - 5*h = 70, h + 4*h + 55 = 3*t. Let k be 12/(-7)*(-14)/4. Let g = 11 - k. What is the highest common factor of g and t?
5
Suppose 0*c = -c + 3. Suppose -5*m = -c*q - 324 + 64, 0 = -5*m - 4*q + 295. Calculate the greatest common factor of m and 5.
5
Suppose 3*s = -3*l - 2*s + 192, 3*s = 0. What is the greatest common divisor of 8 and l?
8
Let x = -29 - -41. Let d = 60 + -30. What is the highest common factor of x and d?
6
Let a = -157 + 163. Calculate the highest common divisor of a and 3.
3
Let c(l) = l**2 - l + 2. Let m be c(2). Let p be 6/(-10) + (-8)/(-5). Let w be 1*6 - 2/p. What is the highest common factor of m and w?
4
Let j = 205 + -130. What is the highest common factor of j and 25?
25
Suppose 2*o + 3 = 2*k - 1, k - 6 = 3*o. Suppose -3*n + 41 + 7 = k. Calc